prime factors of ((-1668)/(-12))/(v/(-4)).
2, 139
What are the prime factors of (-16 + 4392/45)/(4/90)?
2, 3, 17
Let z(a) = 97*a + 27. Let x be z(-3). What are the prime factors of 40/10 - x - 2/(-2)?
269
Let w(v) be the second derivative of -28/3*v**3 + 26*v + 0 - 19/2*v**2. What are the prime factors of w(-4)?
5, 41
Let d = 38 - -25. Let u = -30 + d. What are the prime factors of ((-2431)/u)/(4/6)*-2?
13, 17
Suppose 2*k = 3*t + 6*k - 572, 2*t + 2*k = 384. Suppose 6*d = 10*d - t. List the prime factors of d.
7
Suppose -31*d + 28 = -30*d. List the prime factors of 122*(4 - d/8).
61
Let b(x) = 4*x - 99. Let r be b(28). Let h = 44 - r. What are the prime factors of h?
31
Let l(r) = 4*r**2 - 4*r + 0*r**2 - 9 - 5. Suppose c = 6*c - 3*y + 26, 2*c - 5*y - 1 = 0. List the prime factors of l(c).
2, 3, 5, 7
Let r(q) = -2335*q - 15901. List the prime factors of r(-28).
3, 16493
Let q be 130/(-18) - 4/(-18). Let u be 0 - (6/(-8))/(q/84). What are the prime factors of (-1004)/(-6) + 3/u?
167
Let o(q) = q**2 + 4*q + 6. Let b be o(-4). Let n = b + -4. Suppose -16 = -n*g - 2*g. What are the prime factors of g?
2
Suppose 0 = 2*t - 2, -3*x - 2*t = -0*x - 2834. Suppose 0 = 5*n + 3*z - 6890, 4*n - x = 4*z + 4568. List the prime factors of n.
2, 13, 53
Suppose -x = 4*s + 387, 2*x + 12 = -s - 76. Let o = s - -103. Suppose 0 = -d - 2*n + 172, o*d - 3*n - 659 = 201. What are the prime factors of d?
2, 43
Suppose 97*u = 96*u - 10. Let l = -20 - -10. What are the prime factors of 36/60 - (-6)/u - l?
2, 5
Let n(m) = 11*m**2 - 231*m - 174. What are the prime factors of n(-27)?
2, 3, 2347
Let n = -751 - -753. Let y(x) = -77*x + 2. Let z(p) = -39*p + 1. Let s(b) = -3*y(b) + 5*z(b). List the prime factors of s(n).
71
Let t(f) be the third derivative of -55*f**4/24 - 53*f**3/3 + 4*f**2 - 19*f. What are the prime factors of t(-15)?
719
Suppose -5*f + 71447 = -7870 - 104168. What are the prime factors of f?
36697
Let r(q) = -11*q + 5. Let s(j) = -j**2 + 5*j + 29. Suppose t + t = -g - 1, -4*g - 5*t + 11 = 0. Let w be s(g). List the prime factors of r(w).
2, 41
List the prime factors of (1751/(-85) - -29)/(3/5410).
2, 7, 541
Let w(n) = -n**3 + 8*n**2 - 6*n - 7. Suppose -3 = -u, 0 = d - 0*u + u - 11. Suppose d*h = 7*h + 5. What are the prime factors of w(h)?
2, 19
Let h(f) = -7747*f**3 + 6*f**2 + 5*f + 9. What are the prime factors of h(-2)?
7, 17, 521
Let g = 909 + 678. What are the prime factors of g?
3, 23
Let q = -33829 + 50150. List the prime factors of q.
19, 859
Suppose -5*h = 2*o - o + 15, -4 = 2*o - 3*h. Let s be -584 - 0/((-2)/(o + 4)). Let c = -417 - s. What are the prime factors of c?
167
List the prime factors of (-40)/340 + 831055/255*3.
3, 3259
Suppose -15 = 2*w + 4*p - 3, -2*p = 3*w + 2. Suppose -w*m + 1835 = 4*s - 3*m, 2*m + 1375 = 3*s. Suppose -23*t = -20*t - s. List the prime factors of t.
3, 17
Suppose 3*y - 24232 = 2*g, 458*y = 463*y + 2*g - 40392. List the prime factors of y.
2, 7, 577
Let p be (36/(-27))/((-6)/(-27)). Suppose -3*z - 6 = -3, o - 2*z - 66 = 0. Let n = p + o. What are the prime factors of n?
2, 29
Let y be (10/(-15))/((-2)/(-42)). Let k(i) = -i**3 - 11*i**2 + 19*i + 106. What are the prime factors of k(y)?
2, 107
Let h(a) = 3*a**2 - 70*a - 57. Let i be h(30). Suppose -i = -8*v + 2345. What are the prime factors of v?
19
Suppose 7*j + 45 = 16*j. What are the prime factors of ((-118)/(-8))/(j/(-140)*-7)?
59
Suppose 5*w = 40, -2*w = 2*s - 0*s - 12576. What are the prime factors of s?
2, 5, 157
Let x(j) = -j**2 + 7*j + 5. Suppose 7*a = -14 - 7. Let g be x(a). What are the prime factors of ((-2 - -3) + -8)*g?
5, 7
Suppose -a + 179 + 10 = 0. Suppose -183*s - 2004 = -a*s. What are the prime factors of s?
2, 167
Suppose 0 = 4*o, 3*q + 4 = -q + 5*o. Let h be (1 - (q + 2)) + 43. Let t = h - 29. What are the prime factors of t?
2, 7
Let f(t) = 7 - 11 + 2*t - 5*t. Let a be f(-6). Suppose 9*d = a*d - 320. List the prime factors of d.
2
Suppose 42 = -k + w, 5*w = -0*k - 3*k - 158. Let l = k - -177. What are the prime factors of l?
131
Let y be 897/(-26)*(-60)/(-9). Let o = 353 + y. List the prime factors of o.
3, 41
Suppose -4*w = -3*v - 72693, 7*w - 127188 = 61*v - 64*v. List the prime factors of w.
3, 673
Let b(y) = -50*y + 12. Let w be b(-7). Let c = w + -59. What are the prime factors of c?
3, 101
Suppose 58*n = -2*c + 61*n + 14275, 3*c - 3*n = 21405. What are the prime factors of c?
2, 5, 23, 31
Let p(n) = n - 21. Let y be p(21). Suppose y = 9*j + 4*j - 4680. List the prime factors of j.
2, 3, 5
Suppose -2*j + 25 = 3*j. Suppose -180 = j*w - 4*b, 4*w + 148 = -2*b + 6*b. What are the prime factors of 15/((-12)/w + 0)?
2, 5
Suppose -5*y + 6*y - 4*p = -640, p - 1252 = 2*y. Suppose 5*g - 1902 = -3*m + 721, -5*g - 3579 = -4*m. Let f = y + m. What are the prime factors of f?
2, 131
Suppose 4*z - 180 = d, -16*z + 17*z - 5*d = 64. Let t = 28 + 18. Let c = t + z. List the prime factors of c.
2, 3, 5
Let c(d) = 9*d**2 + 15*d - 183. What are the prime factors of c(8)?
3, 19
Suppose 14559*s - 14563*s = -46040. What are the prime factors of s?
2, 5, 1151
Suppose -5*p + 1443 = g + 2*g, -4*p = 2*g - 1154. Suppose -p = 2*f + 2*b, -2*f - 369 = -2*b - 65. Let r = 306 + f. What are the prime factors of r?
2, 79
Suppose 16 = 8*a - 0. Suppose 2*v = a*s - 922, 4*s - 897 = -4*v + 915. List the prime factors of s.
457
Let a be (11/14 + 44/(-154))*6. Let b be (-4 + 0)*(-3 + 2). Suppose l = -3*j + 321, -b*l = j - a*l - 105. List the prime factors of j.
2, 3
Suppose -2*w = 6*w + 72. Let t be -12*6/w - 3. Suppose -2*u + 4*d + 707 - 271 = 0, -t*d - 1065 = -5*u. List the prime factors of u.
2, 13
Let f(v) = 378*v + 2141. List the prime factors of f(38).
5, 3301
Let a(g) = 2*g**2 + 2*g - 2. Let c be a(-3). Suppose 13*v - c*v - 876 = 0. List the prime factors of v/3 - ((-20)/(-15) + -2).
2, 7
Let d(z) = z**2 - z - 2*z + z. Suppose 4*p - i + 5*i + 4 = 0, 2 = 3*p + 2*i. List the prime factors of d(p).
2
Let d(j) = -140*j + 90. Let t be d(15). Let n = t - -3451. What are the prime factors of n?
11, 131
Let f = 158 + -170. List the prime factors of f + 152 - 4/(-1).
2, 3
Let g(h) = h**3 + 18*h**2 + 23*h - 8. Let k(o) = -o**2 - 28*o - 40. Let i be k(-23). Let f = i + -91. What are the prime factors of g(f)?
2, 17
Let y = 319 - 722. Let z = -793 - -544. Let m = z - y. What are the prime factors of m?
2, 7, 11
What are the prime factors of 883644/21 + -13 + (-623)/(-49)?
2, 3, 7013
Let r(c) = 19*c**2 + 89*c - 648. What are the prime factors of r(50)?
2, 113, 227
Let m(u) = 2*u - 1. Suppose 3 + 1 = -2*d - 2*z, -2*z = 5*d - 2. Let l be m(d). Suppose 0 = -l*a + 2*a + 41. What are the prime factors of a?
41
Suppose 367 = i + 343. Let v(t) = -2*t**2 + 61*t - 56. What are the prime factors of v(i)?
2
Let z(i) = 1030*i**3 + 9*i**2 - 16*i - 2. What are the prime factors of z(2)?
2, 13, 317
Suppose 8*s - 29 - 35 = 0. List the prime factors of (-4)/((-5)/(5180/s)).
2, 7, 37
Let k(r) = 7*r + 34. Let b(m) = -90*m - 441. Let s(g) = -2*b(g) - 27*k(g). Let x = 2872 + -2879. List the prime factors of s(x).
3
Suppose 21*a + 680 = -13*a. List the prime factors of (a/(-12))/(-5)*651/(-1).
7, 31
Let g = -6120 + 16841. What are the prime factors of g?
71, 151
Let o(b) = -2*b**2 - 4*b. Let n(k) = -3*k**2 - 8*k. Let z = 1 - 6. Let d(j) = z*o(j) + 3*n(j). List the prime factors of d(-8).
2, 3
Suppose -143*h + 405*h - 2842631 - 14481071 = 0. What are the prime factors of h?
11, 6011
Let b be 107118/(-162) - 2/(-9). Let u = b + 1448. What are the prime factors of u?
787
Let w(z) = -z + 16. Suppose 5*d = 15 + 10. Suppose 0 = a - d*h + 6, 4*h + 88 = -5*a. List the prime factors of w(a).
2
Suppose r - 26 = -4*s - r, 0 = -3*s + 4*r - 8. Suppose 2375 - 17450 = -15*c. List the prime factors of 2/s + 4 + c/10.
3, 5, 7
Let h(n) be the first derivative of -5*n - 7 + 17/2*n**2. What are the prime factors of h(4)?
3, 7
Let t = 1658 - 970. Suppose -680 = -b - 4*m, -4*m + t = 3*b - 1312. List the prime factors of b.
2, 3, 5, 11
Let o(t) = 88*t**3 - 16*t**2 + 50*t - 17. What are the prime factors of o(7)?
3, 11, 17, 53
Let p(u) = 64*u**2 - 160*u - 2128. What are the prime factors of p(-17)?
2, 1193
Suppose -3*a - 16753 = -4*c - 5772, -13700 = -5*c - 5*a. Suppose -3*w = -38*g + 33*g + c, g - 563 = -3*w. List the prime factors